{"id":328,"date":"2026-02-24T21:53:39","date_gmt":"2026-02-24T21:53:39","guid":{"rendered":"https:\/\/adrianapuche.fpcei.eu\/?page_id=328"},"modified":"2026-02-24T21:53:39","modified_gmt":"2026-02-24T21:53:39","slug":"proteina-antes-o-despues","status":"publish","type":"page","link":"https:\/\/adrianapuche.fpcei.eu\/?page_id=328","title":{"rendered":"PROTEINA ANTES O DESPU\u00c9S"},"content":{"rendered":"\n<div class=\"wp-block-media-text is-stacked-on-mobile is-image-fill-element has-accent-3-background-color has-background\"><figure class=\"wp-block-media-text__media\"><img loading=\"lazy\" decoding=\"async\" width=\"896\" height=\"481\" src=\"https:\/\/adrianapuche.fpcei.eu\/wp-content\/uploads\/2026\/02\/blog-bimanan-proteina-antes-y-despues-de-entrenar-896x481_1.webp\" alt=\"\" class=\"wp-image-329 size-full\" style=\"object-position:50% 50%\" srcset=\"https:\/\/adrianapuche.fpcei.eu\/wp-content\/uploads\/2026\/02\/blog-bimanan-proteina-antes-y-despues-de-entrenar-896x481_1.webp 896w, https:\/\/adrianapuche.fpcei.eu\/wp-content\/uploads\/2026\/02\/blog-bimanan-proteina-antes-y-despues-de-entrenar-896x481_1-300x161.webp 300w, https:\/\/adrianapuche.fpcei.eu\/wp-content\/uploads\/2026\/02\/blog-bimanan-proteina-antes-y-despues-de-entrenar-896x481_1-768x412.webp 768w\" sizes=\"auto, (max-width: 896px) 100vw, 896px\" \/><\/figure><div class=\"wp-block-media-text__content\">\n<p class=\"has-large-font-size\">El consumo de prote\u00edna es fundamental para optimizar la recuperaci\u00f3n y favorecer el crecimiento muscular. Tomarla en el momento adecuado puede ayudar a mejorar los resultados, aunque lo m\u00e1s importante es asegurar un aporte suficiente a lo largo del d\u00eda.<\/p>\n<\/div><\/div>\n\n\n\n<div style=\"height:44px\" aria-hidden=\"true\" class=\"wp-block-spacer\"><\/div>\n\n\n\n<p class=\"has-large-font-size\">Consumir prote\u00edna <strong>antes del entrenamiento<\/strong> (aproximadamente 15\u201325 g) permite que los amino\u00e1cidos est\u00e9n disponibles durante la sesi\u00f3n, ayudando a reducir la degradaci\u00f3n muscular y manteniendo energ\u00eda constante, especialmente si ha pasado varias horas desde la \u00faltima comida. Esto es especialmente \u00fatil para quienes entrenan en ayunas o con intervalos largos entre comidas.<\/p>\n\n\n\n<div style=\"height:20px\" aria-hidden=\"true\" class=\"wp-block-spacer\"><\/div>\n\n\n\n<p class=\"has-large-font-size\">Por otro lado, ingerir prote\u00edna <strong>despu\u00e9s del entrenamiento<\/strong> (20\u201330 g) favorece la reparaci\u00f3n de fibras musculares da\u00f1adas, optimiza la s\u00edntesis de prote\u00ednas y contribuye a la recuperaci\u00f3n general. <\/p>\n\n\n\n<p class=\"has-large-font-size\">Combinarla con carbohidratos en este momento puede ayudar a reponer el gluc\u00f3geno perdido y acelerar la recuperaci\u00f3n tras entrenamientos intensos.<\/p>\n\n\n\n<div style=\"height:41px\" aria-hidden=\"true\" class=\"wp-block-spacer\"><\/div>\n\n\n\n<p class=\"has-large-font-size\">En conclusi\u00f3n, no existe un \u00fanico momento obligatorio para consumir prote\u00edna. Lo m\u00e1s importante es <strong>adaptar la cantidad y frecuencia a tus necesidades, tipo de entrenamiento y objetivos<\/strong>, garantizando un consumo adecuado de prote\u00ednas durante todo el d\u00eda para mantener y desarrollar la masa muscular de manera efectiva.<\/p>\n","protected":false},"excerpt":{"rendered":"<p>El consumo de prote\u00edna es fundamental para optimizar la recuperaci\u00f3n y favorecer el crecimiento muscular. Tomarla en el momento adecuado puede ayudar a mejorar los resultados, aunque lo m\u00e1s importante es asegurar un aporte suficiente a lo largo del d\u00eda. Consumir prote\u00edna antes del entrenamiento (aproximadamente 15\u201325 g) permite que los amino\u00e1cidos est\u00e9n disponibles durante [&hellip;]<\/p>\n","protected":false},"author":2,"featured_media":0,"parent":0,"menu_order":0,"comment_status":"closed","ping_status":"closed","template":"","meta":{"footnotes":""},"class_list":["post-328","page","type-page","status-publish","hentry"],"_links":{"self":[{"href":"https:\/\/adrianapuche.fpcei.eu\/index.php?rest_route=\/wp\/v2\/pages\/328","targetHints":{"allow":["GET"]}}],"collection":[{"href":"https:\/\/adrianapuche.fpcei.eu\/index.php?rest_route=\/wp\/v2\/pages"}],"about":[{"href":"https:\/\/adrianapuche.fpcei.eu\/index.php?rest_route=\/wp\/v2\/types\/page"}],"author":[{"embeddable":true,"href":"https:\/\/adrianapuche.fpcei.eu\/index.php?rest_route=\/wp\/v2\/users\/2"}],"replies":[{"embeddable":true,"href":"https:\/\/adrianapuche.fpcei.eu\/index.php?rest_route=%2Fwp%2Fv2%2Fcomments&post=328"}],"version-history":[{"count":1,"href":"https:\/\/adrianapuche.fpcei.eu\/index.php?rest_route=\/wp\/v2\/pages\/328\/revisions"}],"predecessor-version":[{"id":330,"href":"https:\/\/adrianapuche.fpcei.eu\/index.php?rest_route=\/wp\/v2\/pages\/328\/revisions\/330"}],"wp:attachment":[{"href":"https:\/\/adrianapuche.fpcei.eu\/index.php?rest_route=%2Fwp%2Fv2%2Fmedia&parent=328"}],"curies":[{"name":"wp","href":"https:\/\/api.w.org\/{rel}","templated":true}]}}